5*b**3/6 - 17*b**2 + 45*b. Let s be k(9). Calculate the highest common factor of s and 2.
2
Suppose 6*u + 501 - 1527 = 0. Calculate the greatest common factor of 57 and u.
57
Suppose 1120 = 5*o + 5*w, -4*o = 4*w - 8*w - 904. Let j(s) = s**2 - s + 90. Let q be j(0). Calculate the highest common divisor of q and o.
45
Let s = 39 - 56. Let t = -11 - s. Suppose -4*j - 184*b + 187*b = -168, 5*j - 210 = b. Calculate the greatest common factor of t and j.
6
Let v(d) = d**3 + d**2 + d + 12. Let a be v(0). Let i be 3 + -6 + a - 3. Calculate the highest common factor of i and 4.
2
Suppose 4*f - 656 = -240. Let r be (-4)/(-10) - (-189)/15. Calculate the highest common divisor of r and f.
13
Let k = 58 - 71. Let b = 16 + k. What is the highest common factor of b and 45?
3
Let v be (-16*1)/((-3)/(-6)). Suppose 4*p - 8 = 5*p. Let c be ((-72)/v)/((-1)/p). What is the highest common divisor of 45 and c?
9
Let n = -83 - -87. Suppose -n*p = 4*a, -3*p - 1 = 5*a - 3. Calculate the greatest common factor of a and 4.
1
Suppose -11*s - 944 = -1494. Let j(l) = l**3 - 3*l**2 - 2*l - 4. Let g be j(4). Suppose 0 = g*h + 13 - 53. Calculate the greatest common divisor of s and h.
10
Let m(t) = -2 - 7*t - 6*t + 25 + 8*t**2 - 7*t**2. Let p be m(12). Let c = -76 + 120. What is the highest common divisor of c and p?
11
Let v be 2 - 4/(-6)*-3. Suppose 5*n - 3*h - 19 = v, -4*h = -3*n + 14 + 4. Suppose n*m - 6 = -0*m. Calculate the highest common divisor of m and 15.
3
Let m be 3684/102 - (-6)/(-51). Calculate the greatest common factor of m and 27.
9
Suppose -55 = -3*m + 2*m. Suppose 5 = 4*b - m. Let g be -9*((-5390)/33)/14. Calculate the greatest common factor of b and g.
15
Suppose 3*r = -4*z + 174, -2*r - 3*r = 5*z - 285. Let o be 1254/r + (-6)/27. What is the highest common divisor of 184 and o?
23
Let l(i) = i - 9. Let f be l(12). Suppose 3*r - 3*o - 42 = 0, 2*o = -f*r - 0*o + 32. Calculate the greatest common factor of r and 12.
12
Suppose 46 = 7*u - 17. What is the highest common divisor of 603 and u?
9
Let u(r) be the third derivative of r**6/120 + r**5/60 - r**4/24 + r**3/6 - 20*r**2. Let b be u(2). What is the highest common factor of b and 33?
11
Let j be (1/2)/(8/(-11312)). Let q = -379 - j. Calculate the greatest common factor of q and 41.
41
Let r(i) = i**2 - 14*i + 36. Let x(m) = m**2 - 10*m + 21. Let b be x(9). Let c be r(b). Calculate the greatest common factor of c and 6.
6
Let g = -2630 + 8000. What is the highest common factor of g and 15?
15
Suppose 49*k - 39*k - 230 = 0. Calculate the greatest common factor of 575 and k.
23
Let c be 1 - 5 - (-28 + 5). Let t = c - 7. Suppose -2*h + 3*h - t = 0. Calculate the greatest common divisor of 36 and h.
12
Let x(v) = -v**3 + 4*v**2 + 7*v + 2. Let c be x(5). Let s = c + -17. Let k = 11 + s. Calculate the greatest common factor of 6 and k.
6
Suppose 22*l - 25*l - 96 = 0. Let t = 46 + l. What is the greatest common factor of 42 and t?
14
Let b = -1530 + 3536. Let q be (-10)/(-14) + -1 - b/(-14). Calculate the highest common factor of q and 13.
13
Let t(y) = y**2 + 2*y + 9. Let f be t(0). Let u(m) = -2*m**2 + 3*m - 2. Let x be u(5). Let o = 26 - x. Calculate the highest common factor of o and f.
9
Suppose 105*q - 107*q = -104. What is the greatest common divisor of 130 and q?
26
Let n be (-4)/22 + 22/121 - -41. Let m = 58 - n. Calculate the highest common factor of m and 17.
17
Suppose -55*c - 26*c + 2592 = 0. Calculate the highest common divisor of c and 768.
32
Suppose 0 = -0*g + 5*g + 45. Let a be 1185/g - 2/(-3). Let d = 187 + a. Calculate the greatest common factor of d and 14.
14
Let k be (2/3)/(16/1128). Let r = 57 - k. What is the highest common divisor of r and 130?
10
Let p = -70 - -648. What is the highest common factor of 170 and p?
34
Let t = 259 + -147. What is the highest common divisor of t and 14?
14
Let z(y) = -19*y - 2 + 0 + y. Suppose -83*t + 91*t = -8. Let d be z(t). What is the greatest common factor of d and 32?
16
Let l = 9 + 1. Suppose 0 = 4*m - 12, 2*t = 3*m + 181 + l. Suppose 0 = a + q - 43, -2*q + 198 = 3*a + 72. What is the greatest common divisor of t and a?
20
Let o = 262 + 10. What is the greatest common factor of o and 34?
34
Let r be ((-3)/12*-3)/(2/24). Calculate the highest common divisor of 12 and r.
3
Suppose -1462*j = -1464*j + 152. What is the greatest common factor of j and 190?
38
Let x be (-1 + 3)/(-2) - -41. Let s(h) = -h**2 + 9*h - 9. Suppose -f - 3*f = -28. Let q be s(f). Calculate the greatest common divisor of x and q.
5
Let j(o) = -111*o**2 - 15 + 113*o**2 + 4*o + 9*o. Let r be j(-11). Calculate the highest common factor of r and 21.
21
Suppose -15*r + 135 = -10*r. Let s = r - 21. Let b be 46/8 - (-3)/12. What is the greatest common divisor of b and s?
6
Let q(c) = c + 7. Let v be ((-72)/(-84))/(1/7). Let h be q(v). Calculate the highest common factor of 65 and h.
13
Let g(w) = -w**3 - 2*w**2 + 27*w + 77. Let z be g(-3). Let p(r) = -r**2 + 2. Let q be p(0). What is the highest common factor of q and z?
1
Let z = -1584 - -1101. Let j be (-2)/(-6)*z/(-7). Calculate the greatest common factor of 207 and j.
23
Let p be 16/(-12) + (-44)/(-6). Suppose -c + 2*c = -72. Let z be (-2176)/c + 4/(-18). What is the greatest common factor of z and p?
6
Suppose -y - 3 + 119 = 0. Suppose 6*o = -32 + y. What is the highest common factor of 21 and o?
7
Let n be (1 + 0)*(3 - -10). Suppose -7*u + u + 390 = 0. Calculate the greatest common factor of u and n.
13
Suppose 1364 = -63*d + 85*d. Calculate the highest common factor of d and 93.
31
Let v(p) = p**2 - 14*p - 21. Let z be v(-5). What is the greatest common divisor of z and 8?
2
Let g = 634 + -543. Calculate the greatest common factor of g and 7.
7
Let w = -5510 - -5528. Suppose 0*k + 6 = 5*k + t, 6 = -k - 2*t. Calculate the highest common divisor of w and k.
2
Let a = -9 + 11. Suppose -a*b = -12 - 12. Calculate the greatest common divisor of b and 12.
12
Let l = 113 - 36. Suppose j - 14 = -j. Calculate the greatest common factor of l and j.
7
Suppose c = -0*c - 0*c. Suppose a = -4*v + 5*a + 268, a + 1 = c. What is the greatest common divisor of 6 and v?
6
Suppose -2*x + 5*a + 33 = 0, 3*a + 111 = 5*x - 0*a. Calculate the highest common divisor of x and 44.
4
Suppose 2 + 2 = 2*o. Suppose -3*b - 5 = -v - 0, 0 = v - o*b - 5. Suppose v*a - 118 = -38. Calculate the highest common divisor of a and 16.
16
Let f(i) = 42*i + 39. Let n be f(0). Let b(d) = -d**2 + 8*d - 2. Let v be b(3). Calculate the greatest common factor of v and n.
13
Let c(z) = 1 - z - 5*z**2 + 6*z**2 - 11*z**3 + z + z. Suppose m = -1 - 0. Let h be c(m). Calculate the greatest common factor of 18 and h.
6
Let i(q) = 3*q**3 + 22*q**2 + 8*q + 8. Let y be i(-4). What is the greatest common divisor of 119 and y?
17
Let t = 559 - 415. What is the greatest common divisor of t and 240?
48
Let s = -3805 + 5365. Suppose 306 = i - 0*i + 3*p, 5*p - s = -5*i. Let r be i/99 - 2/11. What is the highest common factor of r and 21?
3
Let c = 752 + -587. What is the greatest common divisor of 60 and c?
15
Let y = 130 + -45. Let g(a) = 9*a + 6. Let p be g(5). Let s be (p/(-9))/((-2)/6). What is the highest common factor of s and y?
17
Let z = 24 + -2. Let v be 319/z - (-1)/2. What is the highest common divisor of 60 and v?
15
Let w(p) = 5*p**2 - p + 1. Suppose -7*k + 2*k = -5. Let o be w(k). What is the greatest common divisor of o and 35?
5
Let r(f) = -f**2 - 19*f - 68. Let w be r(-10). Let z be (-22)/10 - 1/(-5). Let o be (8/6)/(z/(-3)). What is the greatest common divisor of w and o?
2
Let q be ((-102)/(-14) - 7) + (-166)/(-7). What is the highest common divisor of 228 and q?
12
Let h = 9 + 45. Let b be (43/((-645)/(-2160)))/(4/2). What is the greatest common divisor of b and h?
18
Let m(y) = 5*y + 40. Let g be m(-5). What is the highest common factor of g and 215?
5
Suppose 0 = -88*z + 112*z - 4896. What is the highest common divisor of 72 and z?
12
Let i(d) = -d**2 - 2*d + 8. Let o be i(-3). What is the highest common divisor of 125 and o?
5
Let i be 3/(20/16 + 0 + -2). Let c = 17 + i. What is the greatest common divisor of c and 247?
13
Let z(o) = 7*o - 51. Let r be (915/35)/3 + 2/7. Let w be z(r). What is the highest common factor of 180 and w?
12
Suppose 7*s = 14*s - 49. Calculate t